3, 4813
List the prime factors of 251615.
5, 7, 13, 79
What are the prime factors of 306502?
2, 7, 21893
What are the prime factors of 19187898?
2, 3, 3197983
What are the prime factors of 162882?
2, 3, 9049
List the prime factors of 211766.
2, 105883
List the prime factors of 119271.
3, 83, 479
List the prime factors of 8412880.
2, 5, 7, 83, 181
List the prime factors of 54077.
17, 3181
List the prime factors of 4648679.
7, 13553
What are the prime factors of 69406?
2, 34703
What are the prime factors of 6821818?
2, 3410909
What are the prime factors of 300605?
5, 59, 1019
What are the prime factors of 23261802?
2, 3, 241, 16087
What are the prime factors of 82217?
82217
What are the prime factors of 1007046?
2, 3, 17, 1097
What are the prime factors of 278191?
278191
List the prime factors of 61966.
2, 30983
What are the prime factors of 1175349?
3, 7, 97, 577
List the prime factors of 331720.
2, 5, 8293
What are the prime factors of 5143384?
2, 17, 59, 641
List the prime factors of 57221.
57221
List the prime factors of 3650853.
3, 1216951
What are the prime factors of 2297191?
13, 83, 2129
List the prime factors of 2532299.
7, 11, 32887
List the prime factors of 5194448.
2, 7, 19, 2441
What are the prime factors of 14081204?
2, 19, 41, 4519
List the prime factors of 2571953.
2571953
List the prime factors of 2394033.
3, 859, 929
List the prime factors of 3909821.
647, 6043
What are the prime factors of 29084272?
2, 7, 259681
List the prime factors of 3802817.
47, 80911
List the prime factors of 2671677.
3, 53, 1867
What are the prime factors of 16454830?
2, 5, 7, 235069
List the prime factors of 122560.
2, 5, 383
List the prime factors of 19964.
2, 7, 23, 31
List the prime factors of 1002440.
2, 5, 19, 1319
List the prime factors of 406457.
53, 7669
What are the prime factors of 3499973?
3499973
What are the prime factors of 9261991?
17, 29, 18787
What are the prime factors of 239738?
2, 119869
What are the prime factors of 1209065?
5, 11, 13, 19, 89
List the prime factors of 285106.
2, 142553
What are the prime factors of 316447?
71, 4457
What are the prime factors of 11769376?
2, 23, 15991
What are the prime factors of 34049?
79, 431
What are the prime factors of 1086673?
7, 67, 331
What are the prime factors of 2466209?
503, 4903
What are the prime factors of 8435842?
2, 17, 47, 5279
What are the prime factors of 6730551?
3, 747839
List the prime factors of 104979.
3, 7, 4999
What are the prime factors of 946360?
2, 5, 59, 401
What are the prime factors of 375066?
2, 3, 67, 311
What are the prime factors of 1186871?
7, 169553
What are the prime factors of 2082113?
11, 29, 61, 107
List the prime factors of 1108026.
2, 3, 17, 71
List the prime factors of 4786648.
2, 31, 19301
What are the prime factors of 13007724?
2, 3, 31, 73, 479
List the prime factors of 11625001.
11625001
What are the prime factors of 97021?
97021
List the prime factors of 8113289.
31, 157, 1667
What are the prime factors of 19406858?
2, 29, 41, 8161
List the prime factors of 1673925.
3, 5, 11, 2029
What are the prime factors of 7469469?
3, 7, 39521
What are the prime factors of 1068010?
2, 5, 106801
List the prime factors of 1951692.
2, 3, 162641
What are the prime factors of 403702?
2, 13, 15527
What are the prime factors of 1044400?
2, 5, 7, 373
What are the prime factors of 4581169?
241, 19009
What are the prime factors of 10907?
13, 839
List the prime factors of 2101245.
3, 5, 71, 1973
List the prime factors of 1179463.
19, 23, 2699
What are the prime factors of 104796?
2, 3, 41, 71
List the prime factors of 2220351.
3, 7, 23, 4597
What are the prime factors of 6532906?
2, 47, 69499
List the prime factors of 12680589.
3, 17, 248639
List the prime factors of 1072294.
2, 536147
What are the prime factors of 110483?
17, 67, 97
List the prime factors of 7357002.
2, 3, 67, 18301
List the prime factors of 61884.
2, 3, 191
List the prime factors of 1341378.
2, 3, 74521
List the prime factors of 922184.
2, 19, 6067
What are the prime factors of 36608?
2, 11, 13
List the prime factors of 1390367.
11, 126397
List the prime factors of 23027920.
2, 5, 287849
What are the prime factors of 267373?
267373
What are the prime factors of 877001?
281, 3121
What are the prime factors of 181324?
2, 11, 13, 317
List the prime factors of 322175.
5, 7, 263
What are the prime factors of 9296676?
2, 3, 258241
List the prime factors of 463943.
37, 12539
What are the prime factors of 1052024?
2, 107, 1229
What are the prime factors of 4437383?
4437383
What are the prime factors of 2152817?
2152817
What are the prime factors of 426031?
41, 10391
List the prime factors of 288502.
2, 67, 2153
List the prime factors of 369366.
2, 3, 61561
List the prime factors of 4670907.
3, 47, 157, 211
What are the prime factors of 389498?
2, 194749
What are the prime factors of 2885858?
2, 229, 6301
List the prime factors of 1644784.
2, 17, 6047
List the prime factors of 579408.
2, 3, 12071
What are the prime factors of 3697060?
2, 5, 31, 67, 89
What are the prime factors of 438872?
2, 7, 17, 461
What are the prime factors of 13838519?
13838519
What are the prime factors of 759835?
5, 151967
List the prime factors of 701955.
3, 5, 19, 821
List the prime factors of 10662568.
2, 7, 190403
What are the prime factors of 289987?
289987
List the prime factors of 1231537.
31, 39727
What are the prime factors of 4731341?
4731341
List the prime factors of 2306366.
2, 1153183
List the prime factors of 67823.
7, 9689
List the prime factors of 358764.
2, 3, 7, 4271
What are the prime factors of 328271?
328271
List the prime factors of 217070.
2, 5, 7, 443
List the prime factors of 15891147.
3, 196187
What are the prime factors of 5424603?
3, 53, 109, 313
List the prime factors of 7422937.
7422937
List the prime factors of 1520626.
2, 37, 20549
List the prime factors of 4489234.
2, 31, 61, 1187
What are the prime factors of 1500770?
2, 5, 150077
What are the prime factors of 9591704?
2, 41, 29243
List the prime factors of 306617.
29, 97, 109
What are the prime factors of 2125171?
139, 15289
What are the prime factors of 4333428?
2, 3, 11, 31, 353
What are the prime factors of 11251235?
5, 2250247
List the prime factors of 9943132.
2, 47, 52889
List the prime factors of 6063447.
3, 13, 155473
What are the prime factors of 197399?
109, 1811
What are the prime factors of 135805?
5, 157, 173
List the prime factors of 401254.
2, 7, 28661
List the prime factors of 116827.
116827
List the prime factors of 634923.
3, 19, 47, 79
What are the prime factors of 243868?
2, 41, 1487
What are the prime factors of 1136626?
2, 29, 19597
What are the prime factors of 1747708?
2, 601, 727
What are the prime factors of 29270521?
7, 4181503
What are the prime factors of 369667?
37, 97, 103
List the prime factors of 10091419.
13, 59, 223
List the prime factors of 132534.
2, 3, 37, 199
List the prime factors of 179278.
2, 11, 29, 281
List the prime factors of 4561398.
2, 3, 211, 1201
What are the prime factors of 363720?
2, 3, 5, 7, 433
What are the prime factors of 227256?
2, 3, 17, 557
What are the prime factors of 235578?
2, 3, 7, 71, 79
List the prime factors of 346335.
3, 5, 11, 2099
List the prime factors of 1818751.
11, 15031
List the prime factors of 208225.
5, 8329
What are the prime factors of 391124?
2, 277, 353
What are the prime factors of 13289325?
3, 5, 7, 17, 1489
List the prime factors of 6302800.
2, 5, 7, 2251
List the prime factors of 12744359.
79, 353, 457
What are the prime factors of 6482789?
6482789
What are the prime factors of 737432?
2, 92179
What are the prime factors of 4024612?
2, 1006153
What are the prime factors of 427183?
47, 61, 149
List the prime factors of 74532.
2, 3, 6211
List the prime factors of 8188731.
3, 909859
List the prime factors of 2891613.
3, 963871
List the prime factors of 5922401.
1327, 4463
What are the prime factors of 4263008?
2, 101, 1319
What are the prime factors of 160480?
2, 5, 17, 59
List the prime factors of 4751683.
59, 80537
What are the prime factors of 1349241?
3, 79, 5693
What are the prime factors of 26633961?
3, 199, 4957
List the prime factors of 3047252.
2, 13, 58601
What are the prime factors of 4244053?
11, 47, 8209
List the prime factors of 142056.
2, 3, 1973
List